{"id":1057,"date":"2018-12-26T10:09:41","date_gmt":"2018-12-26T07:09:41","guid":{"rendered":"http:\/\/kucukosman.com\/?page_id=1057"},"modified":"2025-12-01T17:17:46","modified_gmt":"2025-12-01T14:17:46","slug":"sertifikalarimiz","status":"publish","type":"page","link":"https:\/\/kucukosman.com\/index.php\/sertifikalarimiz\/","title":{"rendered":"SERT\u0130F\u0130KALARIMIZ"},"content":{"rendered":"\n<figure data-carousel-extra='{\"blog_id\":1,\"permalink\":\"https:\\\/\\\/kucukosman.com\\\/index.php\\\/sertifikalarimiz\\\/\"}'  class=\"is-layout-flex wp-block-gallery-1 wp-block-gallery has-nested-images columns-2 is-cropped\">\n<figure class=\"wp-block-image size-large\"><img data-attachment-id=\"2230\" data-permalink=\"https:\/\/kucukosman.com\/index.php\/sertifikalarimiz\/jpeg-kucuk-osman_iso-9001_2025_page-0001-1\/\" data-orig-file=\"https:\/\/kucukosman.com\/wp-content\/uploads\/2025\/12\/jpeg-KUCUK-OSMAN_ISO-9001_2025_page-0001-1.jpg\" data-orig-size=\"1240,1754\" data-comments-opened=\"1\" data-image-meta=\"{&quot;aperture&quot;:&quot;0&quot;,&quot;credit&quot;:&quot;&quot;,&quot;camera&quot;:&quot;&quot;,&quot;caption&quot;:&quot;&quot;,&quot;created_timestamp&quot;:&quot;0&quot;,&quot;copyright&quot;:&quot;&quot;,&quot;focal_length&quot;:&quot;0&quot;,&quot;iso&quot;:&quot;0&quot;,&quot;shutter_speed&quot;:&quot;0&quot;,&quot;title&quot;:&quot;&quot;,&quot;orientation&quot;:&quot;0&quot;}\" data-image-title=\"jpeg K\u00dc\u00c7\u00dcK OSMAN_ISO 9001_2025_page-0001 (1)\" data-image-description=\"\" data-image-caption=\"\" data-medium-file=\"https:\/\/kucukosman.com\/wp-content\/uploads\/2025\/12\/jpeg-KUCUK-OSMAN_ISO-9001_2025_page-0001-1-212x300.jpg\" data-large-file=\"https:\/\/kucukosman.com\/wp-content\/uploads\/2025\/12\/jpeg-KUCUK-OSMAN_ISO-9001_2025_page-0001-1-724x1024.jpg\" decoding=\"async\" loading=\"lazy\" width=\"724\" height=\"1024\" data-id=\"2230\"  src=\"http:\/\/kucukosman.com\/wp-content\/uploads\/2025\/12\/jpeg-KUCUK-OSMAN_ISO-9001_2025_page-0001-1-724x1024.jpg\" alt=\"\" class=\"wp-image-2230\" srcset=\"https:\/\/kucukosman.com\/wp-content\/uploads\/2025\/12\/jpeg-KUCUK-OSMAN_ISO-9001_2025_page-0001-1-724x1024.jpg 724w, https:\/\/kucukosman.com\/wp-content\/uploads\/2025\/12\/jpeg-KUCUK-OSMAN_ISO-9001_2025_page-0001-1-212x300.jpg 212w, https:\/\/kucukosman.com\/wp-content\/uploads\/2025\/12\/jpeg-KUCUK-OSMAN_ISO-9001_2025_page-0001-1-768x1086.jpg 768w, https:\/\/kucukosman.com\/wp-content\/uploads\/2025\/12\/jpeg-KUCUK-OSMAN_ISO-9001_2025_page-0001-1-1086x1536.jpg 1086w, https:\/\/kucukosman.com\/wp-content\/uploads\/2025\/12\/jpeg-KUCUK-OSMAN_ISO-9001_2025_page-0001-1-424x600.jpg 424w, https:\/\/kucukosman.com\/wp-content\/uploads\/2025\/12\/jpeg-KUCUK-OSMAN_ISO-9001_2025_page-0001-1-113x160.jpg 113w, https:\/\/kucukosman.com\/wp-content\/uploads\/2025\/12\/jpeg-KUCUK-OSMAN_ISO-9001_2025_page-0001-1.jpg 1240w\" sizes=\"(max-width: 724px) 100vw, 724px\" \/><\/figure>\n\n\n\n<figure class=\"wp-block-image size-full\"><img data-attachment-id=\"1887\" data-permalink=\"https:\/\/kucukosman.com\/nsai2022\/\" data-orig-file=\"https:\/\/kucukosman.com\/wp-content\/uploads\/2022\/12\/nsai2022.jpg\" data-orig-size=\"369,706\" data-comments-opened=\"1\" data-image-meta=\"{&quot;aperture&quot;:&quot;0&quot;,&quot;credit&quot;:&quot;Hakan \\u00d6zde\\u011fin&quot;,&quot;camera&quot;:&quot;&quot;,&quot;caption&quot;:&quot;&quot;,&quot;created_timestamp&quot;:&quot;1671554453&quot;,&quot;copyright&quot;:&quot;&quot;,&quot;focal_length&quot;:&quot;0&quot;,&quot;iso&quot;:&quot;0&quot;,&quot;shutter_speed&quot;:&quot;0&quot;,&quot;title&quot;:&quot;&quot;,&quot;orientation&quot;:&quot;1&quot;}\" data-image-title=\"NSAI\" data-image-description=\"\" data-image-caption=\"\" data-medium-file=\"https:\/\/kucukosman.com\/wp-content\/uploads\/2022\/12\/nsai2022-157x300.jpg\" data-large-file=\"https:\/\/kucukosman.com\/wp-content\/uploads\/2022\/12\/nsai2022.jpg\" decoding=\"async\" loading=\"lazy\" width=\"369\" height=\"706\" data-id=\"1887\"  src=\"http:\/\/kucukosman.com\/wp-content\/uploads\/2022\/12\/nsai2022.jpg\" alt=\"\" class=\"wp-image-1887\" srcset=\"https:\/\/kucukosman.com\/wp-content\/uploads\/2022\/12\/nsai2022.jpg 369w, https:\/\/kucukosman.com\/wp-content\/uploads\/2022\/12\/nsai2022-157x300.jpg 157w, https:\/\/kucukosman.com\/wp-content\/uploads\/2022\/12\/nsai2022-314x600.jpg 314w, https:\/\/kucukosman.com\/wp-content\/uploads\/2022\/12\/nsai2022-84x160.jpg 84w\" sizes=\"(max-width: 369px) 100vw, 369px\" \/><\/figure>\n\n\n\n<figure class=\"wp-block-image size-large\"><img data-attachment-id=\"1072\" data-permalink=\"https:\/\/kucukosman.com\/index.php\/sertifikalarimiz\/delta-sertifika-dk-199-74-1\/\" data-orig-file=\"https:\/\/kucukosman.com\/wp-content\/uploads\/2019\/01\/DELTA-SERT\u0130F\u0130KA-DK-199-74-1.jpg\" data-orig-size=\"1656,2339\" data-comments-opened=\"1\" data-image-meta=\"{&quot;aperture&quot;:&quot;0&quot;,&quot;credit&quot;:&quot;&quot;,&quot;camera&quot;:&quot;&quot;,&quot;caption&quot;:&quot;&quot;,&quot;created_timestamp&quot;:&quot;0&quot;,&quot;copyright&quot;:&quot;&quot;,&quot;focal_length&quot;:&quot;0&quot;,&quot;iso&quot;:&quot;0&quot;,&quot;shutter_speed&quot;:&quot;0&quot;,&quot;title&quot;:&quot;&quot;,&quot;orientation&quot;:&quot;0&quot;}\" data-image-title=\"\" data-image-description=\"\" data-image-caption=\"\" data-medium-file=\"https:\/\/kucukosman.com\/wp-content\/uploads\/2019\/01\/DELTA-SERT\u0130F\u0130KA-DK-199-74-1-212x300.jpg\" data-large-file=\"https:\/\/kucukosman.com\/wp-content\/uploads\/2019\/01\/DELTA-SERT\u0130F\u0130KA-DK-199-74-1-725x1024.jpg\" decoding=\"async\" loading=\"lazy\" width=\"725\" height=\"1024\" data-id=\"1072\"  src=\"http:\/\/kucukosman.com\/wp-content\/uploads\/2019\/01\/DELTA-SERT\u0130F\u0130KA-DK-199-74-1-725x1024.jpg\" alt=\"\" class=\"wp-image-1072\" srcset=\"https:\/\/kucukosman.com\/wp-content\/uploads\/2019\/01\/DELTA-SERT\u0130F\u0130KA-DK-199-74-1-725x1024.jpg 725w, https:\/\/kucukosman.com\/wp-content\/uploads\/2019\/01\/DELTA-SERT\u0130F\u0130KA-DK-199-74-1-212x300.jpg 212w, https:\/\/kucukosman.com\/wp-content\/uploads\/2019\/01\/DELTA-SERT\u0130F\u0130KA-DK-199-74-1-768x1085.jpg 768w, https:\/\/kucukosman.com\/wp-content\/uploads\/2019\/01\/DELTA-SERT\u0130F\u0130KA-DK-199-74-1.jpg 1656w\" sizes=\"(max-width: 725px) 100vw, 725px\" \/><\/figure>\n\n\n\n<figure class=\"wp-block-image size-large\"><img data-attachment-id=\"1073\" data-permalink=\"https:\/\/kucukosman.com\/index.php\/sertifikalarimiz\/delta-sertifika-dk-199-73-1\/\" data-orig-file=\"https:\/\/kucukosman.com\/wp-content\/uploads\/2019\/01\/DELTA-SERT\u0130F\u0130KA-DK-199-73-1.jpg\" data-orig-size=\"1656,2339\" data-comments-opened=\"1\" data-image-meta=\"{&quot;aperture&quot;:&quot;0&quot;,&quot;credit&quot;:&quot;&quot;,&quot;camera&quot;:&quot;&quot;,&quot;caption&quot;:&quot;&quot;,&quot;created_timestamp&quot;:&quot;0&quot;,&quot;copyright&quot;:&quot;&quot;,&quot;focal_length&quot;:&quot;0&quot;,&quot;iso&quot;:&quot;0&quot;,&quot;shutter_speed&quot;:&quot;0&quot;,&quot;title&quot;:&quot;&quot;,&quot;orientation&quot;:&quot;0&quot;}\" data-image-title=\"\" data-image-description=\"\" data-image-caption=\"\" data-medium-file=\"https:\/\/kucukosman.com\/wp-content\/uploads\/2019\/01\/DELTA-SERT\u0130F\u0130KA-DK-199-73-1-212x300.jpg\" data-large-file=\"https:\/\/kucukosman.com\/wp-content\/uploads\/2019\/01\/DELTA-SERT\u0130F\u0130KA-DK-199-73-1-725x1024.jpg\" decoding=\"async\" loading=\"lazy\" width=\"725\" height=\"1024\" data-id=\"1073\"  src=\"http:\/\/kucukosman.com\/wp-content\/uploads\/2019\/01\/DELTA-SERT\u0130F\u0130KA-DK-199-73-1-725x1024.jpg\" alt=\"\" class=\"wp-image-1073\" srcset=\"https:\/\/kucukosman.com\/wp-content\/uploads\/2019\/01\/DELTA-SERT\u0130F\u0130KA-DK-199-73-1-725x1024.jpg 725w, https:\/\/kucukosman.com\/wp-content\/uploads\/2019\/01\/DELTA-SERT\u0130F\u0130KA-DK-199-73-1-212x300.jpg 212w, https:\/\/kucukosman.com\/wp-content\/uploads\/2019\/01\/DELTA-SERT\u0130F\u0130KA-DK-199-73-1-768x1085.jpg 768w, https:\/\/kucukosman.com\/wp-content\/uploads\/2019\/01\/DELTA-SERT\u0130F\u0130KA-DK-199-73-1.jpg 1656w\" sizes=\"(max-width: 725px) 100vw, 725px\" \/><\/figure>\n\n\n\n<figure class=\"wp-block-image size-large\"><img data-attachment-id=\"1560\" data-permalink=\"https:\/\/kucukosman.com\/index.php\/sertifikalarimiz\/bx22-tip-onay-1\/\" data-orig-file=\"https:\/\/kucukosman.com\/wp-content\/uploads\/2020\/11\/bx22-tip-onay-1.jpg\" data-orig-size=\"1654,2339\" data-comments-opened=\"1\" data-image-meta=\"{&quot;aperture&quot;:&quot;0&quot;,&quot;credit&quot;:&quot;&quot;,&quot;camera&quot;:&quot;&quot;,&quot;caption&quot;:&quot;&quot;,&quot;created_timestamp&quot;:&quot;0&quot;,&quot;copyright&quot;:&quot;&quot;,&quot;focal_length&quot;:&quot;0&quot;,&quot;iso&quot;:&quot;0&quot;,&quot;shutter_speed&quot;:&quot;0&quot;,&quot;title&quot;:&quot;&quot;,&quot;orientation&quot;:&quot;0&quot;}\" data-image-title=\"bx22-tip-onay-1\" data-image-description=\"\" data-image-caption=\"\" data-medium-file=\"https:\/\/kucukosman.com\/wp-content\/uploads\/2020\/11\/bx22-tip-onay-1-212x300.jpg\" data-large-file=\"https:\/\/kucukosman.com\/wp-content\/uploads\/2020\/11\/bx22-tip-onay-1-724x1024.jpg\" decoding=\"async\" loading=\"lazy\" width=\"724\" height=\"1024\" data-id=\"1560\"  src=\"http:\/\/kucukosman.com\/wp-content\/uploads\/2020\/11\/bx22-tip-onay-1-724x1024.jpg\" alt=\"\" class=\"wp-image-1560\" srcset=\"https:\/\/kucukosman.com\/wp-content\/uploads\/2020\/11\/bx22-tip-onay-1-724x1024.jpg 724w, https:\/\/kucukosman.com\/wp-content\/uploads\/2020\/11\/bx22-tip-onay-1-212x300.jpg 212w, https:\/\/kucukosman.com\/wp-content\/uploads\/2020\/11\/bx22-tip-onay-1-768x1086.jpg 768w, https:\/\/kucukosman.com\/wp-content\/uploads\/2020\/11\/bx22-tip-onay-1-1086x1536.jpg 1086w, https:\/\/kucukosman.com\/wp-content\/uploads\/2020\/11\/bx22-tip-onay-1-1448x2048.jpg 1448w, https:\/\/kucukosman.com\/wp-content\/uploads\/2020\/11\/bx22-tip-onay-1-424x600.jpg 424w, https:\/\/kucukosman.com\/wp-content\/uploads\/2020\/11\/bx22-tip-onay-1-113x160.jpg 113w, https:\/\/kucukosman.com\/wp-content\/uploads\/2020\/11\/bx22-tip-onay-1.jpg 1654w\" sizes=\"(max-width: 724px) 100vw, 724px\" \/><\/figure>\n\n\n\n<figure class=\"wp-block-image size-large\"><img data-attachment-id=\"1561\" data-permalink=\"https:\/\/kucukosman.com\/index.php\/sertifikalarimiz\/bx23-tip-onay-1\/\" data-orig-file=\"https:\/\/kucukosman.com\/wp-content\/uploads\/2020\/11\/bx23-tip-onay-1.jpg\" data-orig-size=\"1654,2339\" data-comments-opened=\"1\" data-image-meta=\"{&quot;aperture&quot;:&quot;0&quot;,&quot;credit&quot;:&quot;&quot;,&quot;camera&quot;:&quot;&quot;,&quot;caption&quot;:&quot;&quot;,&quot;created_timestamp&quot;:&quot;0&quot;,&quot;copyright&quot;:&quot;&quot;,&quot;focal_length&quot;:&quot;0&quot;,&quot;iso&quot;:&quot;0&quot;,&quot;shutter_speed&quot;:&quot;0&quot;,&quot;title&quot;:&quot;&quot;,&quot;orientation&quot;:&quot;0&quot;}\" data-image-title=\"bx23-tip-onay-1\" data-image-description=\"\" data-image-caption=\"\" data-medium-file=\"https:\/\/kucukosman.com\/wp-content\/uploads\/2020\/11\/bx23-tip-onay-1-212x300.jpg\" data-large-file=\"https:\/\/kucukosman.com\/wp-content\/uploads\/2020\/11\/bx23-tip-onay-1-724x1024.jpg\" decoding=\"async\" loading=\"lazy\" width=\"724\" height=\"1024\" data-id=\"1561\"  src=\"http:\/\/kucukosman.com\/wp-content\/uploads\/2020\/11\/bx23-tip-onay-1-724x1024.jpg\" alt=\"\" class=\"wp-image-1561\" srcset=\"https:\/\/kucukosman.com\/wp-content\/uploads\/2020\/11\/bx23-tip-onay-1-724x1024.jpg 724w, https:\/\/kucukosman.com\/wp-content\/uploads\/2020\/11\/bx23-tip-onay-1-212x300.jpg 212w, https:\/\/kucukosman.com\/wp-content\/uploads\/2020\/11\/bx23-tip-onay-1-768x1086.jpg 768w, https:\/\/kucukosman.com\/wp-content\/uploads\/2020\/11\/bx23-tip-onay-1-1086x1536.jpg 1086w, https:\/\/kucukosman.com\/wp-content\/uploads\/2020\/11\/bx23-tip-onay-1-1448x2048.jpg 1448w, https:\/\/kucukosman.com\/wp-content\/uploads\/2020\/11\/bx23-tip-onay-1-424x600.jpg 424w, https:\/\/kucukosman.com\/wp-content\/uploads\/2020\/11\/bx23-tip-onay-1-113x160.jpg 113w, https:\/\/kucukosman.com\/wp-content\/uploads\/2020\/11\/bx23-tip-onay-1.jpg 1654w\" sizes=\"(max-width: 724px) 100vw, 724px\" \/><\/figure>\n<\/figure>\n","protected":false},"excerpt":{"rendered":"","protected":false},"author":1,"featured_media":0,"parent":0,"menu_order":0,"comment_status":"closed","ping_status":"closed","template":"","meta":{"jetpack_post_was_ever_published":false},"aioseo_notices":[],"jetpack_sharing_enabled":true,"jetpack_shortlink":"https:\/\/wp.me\/Paylhb-h3","jetpack-related-posts":[],"jetpack_likes_enabled":true,"_links":{"self":[{"href":"https:\/\/kucukosman.com\/index.php\/wp-json\/wp\/v2\/pages\/1057"}],"collection":[{"href":"https:\/\/kucukosman.com\/index.php\/wp-json\/wp\/v2\/pages"}],"about":[{"href":"https:\/\/kucukosman.com\/index.php\/wp-json\/wp\/v2\/types\/page"}],"author":[{"embeddable":true,"href":"https:\/\/kucukosman.com\/index.php\/wp-json\/wp\/v2\/users\/1"}],"replies":[{"embeddable":true,"href":"https:\/\/kucukosman.com\/index.php\/wp-json\/wp\/v2\/comments?post=1057"}],"version-history":[{"count":17,"href":"https:\/\/kucukosman.com\/index.php\/wp-json\/wp\/v2\/pages\/1057\/revisions"}],"predecessor-version":[{"id":2231,"href":"https:\/\/kucukosman.com\/index.php\/wp-json\/wp\/v2\/pages\/1057\/revisions\/2231"}],"wp:attachment":[{"href":"https:\/\/kucukosman.com\/index.php\/wp-json\/wp\/v2\/media?parent=1057"}],"curies":[{"name":"wp","href":"https:\/\/api.w.org\/{rel}","templated":true}]}}